0707
List the prime factors of 3484588.
2, 871147
What are the prime factors of 2781661?
31, 61, 1471
List the prime factors of 172533.
3, 17, 199
List the prime factors of 255591.
3, 7, 4057
List the prime factors of 487148.
2, 121787
What are the prime factors of 1078228?
2, 109, 2473
What are the prime factors of 8677206?
2, 3, 29, 1847
What are the prime factors of 21220239?
3, 937, 7549
What are the prime factors of 2553783?
3, 851261
List the prime factors of 47073.
3, 13, 17, 71
What are the prime factors of 10863930?
2, 3, 5, 7, 11, 4703
What are the prime factors of 493824?
2, 3, 643
List the prime factors of 297021.
3, 181, 547
List the prime factors of 102059.
102059
What are the prime factors of 13279113?
3, 491819
What are the prime factors of 3562342?
2, 7, 53, 4801
What are the prime factors of 11022139?
11022139
List the prime factors of 3800643.
3, 7, 11, 16453
List the prime factors of 429502.
2, 23, 9337
What are the prime factors of 523627?
13, 47, 857
What are the prime factors of 6428362?
2, 23, 139747
List the prime factors of 372642.
2, 3, 173, 359
List the prime factors of 732695.
5, 146539
List the prime factors of 2133632.
2, 79, 211
List the prime factors of 551648.
2, 17239
List the prime factors of 5916016.
2, 369751
List the prime factors of 4519914.
2, 3, 7, 23, 4679
List the prime factors of 9364893.
3, 59, 157, 337
What are the prime factors of 5345279?
37, 73, 1979
List the prime factors of 1217957.
13, 19, 4931
What are the prime factors of 15358159?
15358159
List the prime factors of 23893151.
61, 391691
List the prime factors of 551594.
2, 193, 1429
List the prime factors of 13396601.
173, 211, 367
What are the prime factors of 4833810?
2, 3, 5, 17903
What are the prime factors of 2731089?
3, 23, 39581
What are the prime factors of 332566?
2, 13, 12791
What are the prime factors of 4273970?
2, 5, 17, 31, 811
List the prime factors of 1677740.
2, 5, 149, 563
What are the prime factors of 4139149?
7, 23, 47, 547
What are the prime factors of 615626?
2, 11, 27983
What are the prime factors of 213201?
3, 23689
What are the prime factors of 2704535?
5, 540907
What are the prime factors of 23530893?
3, 73, 139, 773
What are the prime factors of 4121006?
2, 2060503
List the prime factors of 4227009.
3, 23, 61261
List the prime factors of 4530068.
2, 181, 6257
What are the prime factors of 64236?
2, 3, 53, 101
List the prime factors of 7765592.
2, 970699
List the prime factors of 9090595.
5, 31, 223, 263
List the prime factors of 3763454.
2, 89, 21143
What are the prime factors of 1002782?
2, 11, 19, 2399
What are the prime factors of 9916766?
2, 4958383
What are the prime factors of 3697865?
5, 383, 1931
List the prime factors of 1357194.
2, 3, 226199
List the prime factors of 361819.
181, 1999
What are the prime factors of 19455914?
2, 9727957
List the prime factors of 2768305.
5, 461, 1201
List the prime factors of 161436.
2, 3, 11, 1223
List the prime factors of 176373.
3, 19597
What are the prime factors of 23102?
2, 11551
What are the prime factors of 114010?
2, 5, 13, 877
What are the prime factors of 915321?
3, 11, 27737
List the prime factors of 1612640.
2, 5, 10079
List the prime factors of 14273633.
11, 1061, 1223
What are the prime factors of 69386?
2, 34693
What are the prime factors of 302680?
2, 5, 7, 23, 47
List the prime factors of 6381081.
3, 7, 101287
What are the prime factors of 86116?
2, 21529
What are the prime factors of 244751?
13, 67, 281
List the prime factors of 102951.
3, 31, 41
What are the prime factors of 4063285?
5, 43, 18899
List the prime factors of 1107179.
47, 23557
What are the prime factors of 151346?
2, 13, 5821
List the prime factors of 920242.
2, 127, 3623
What are the prime factors of 1334772?
2, 3, 17, 727
List the prime factors of 2180609.
1223, 1783
List the prime factors of 16713802.
2, 7, 29, 5881
List the prime factors of 1439145.
3, 5, 31981
What are the prime factors of 323888?
2, 31, 653
What are the prime factors of 8020234?
2, 4010117
List the prime factors of 79512.
2, 3, 3313
What are the prime factors of 277991?
7, 151, 263
List the prime factors of 1366545.
3, 5, 17, 23, 233
List the prime factors of 3919314.
2, 3, 7, 13331
List the prime factors of 6793832.
2, 23, 36923
What are the prime factors of 6813134?
2, 19, 41, 4373
What are the prime factors of 1905137?
13, 11273
What are the prime factors of 1904747?
13, 146519
List the prime factors of 11485701.
3, 107, 11927
List the prime factors of 76556.
2, 19139
What are the prime factors of 404752?
2, 41, 617
What are the prime factors of 294468?
2, 3, 53, 463
List the prime factors of 10748758.
2, 5374379
List the prime factors of 36720605.
5, 7344121
List the prime factors of 21944440.
2, 5, 7, 181, 433
What are the prime factors of 15780915?
3, 5, 131, 2677
List the prime factors of 29911.
7, 4273
What are the prime factors of 4452180?
2, 3, 5, 74203
List the prime factors of 1774192.
2, 7, 31, 73
List the prime factors of 2446.
2, 1223
List the prime factors of 1211441.
7, 11, 15733
What are the prime factors of 3082425?
3, 5, 73, 563
List the prime factors of 5027840.
2, 5, 491
List the prime factors of 803908.
2, 7, 28711
List the prime factors of 3533535.
3, 5, 17, 31, 149
List the prime factors of 23789585.
5, 349, 13633
List the prime factors of 980770.
2, 5, 7, 14011
List the prime factors of 22018583.
467, 47149
What are the prime factors of 145280?
2, 5, 227
What are the prime factors of 479335?
5, 37, 2591
What are the prime factors of 746678?
2, 373339
What are the prime factors of 408376?
2, 51047
What are the prime factors of 1480975?
5, 59239
What are the prime factors of 145282?
2, 17, 4273
What are the prime factors of 18994667?
109, 174263
List the prime factors of 16470302.
2, 19, 433429
List the prime factors of 1230731.
29, 31, 37
What are the prime factors of 5930782?
2, 11, 13, 89, 233
List the prime factors of 5389369.
19, 14929
List the prime factors of 17441715.
3, 5, 19, 3221
List the prime factors of 1210806.
2, 3, 137, 491
List the prime factors of 2071492.
2, 517873
List the prime factors of 4648184.
2, 103, 5641
List the prime factors of 8779540.
2, 5, 7, 11, 5701
List the prime factors of 740473.
740473
What are the prime factors of 23947082?
2, 109, 109849
What are the prime factors of 2125662?
2, 3, 7, 11, 43, 107
What are the prime factors of 241047?
3, 26783
List the prime factors of 118444.
2, 29611
What are the prime factors of 728287?
7, 89, 167
List the prime factors of 2881790.
2, 5, 288179
List the prime factors of 7441403.
37, 201119
List the prime factors of 109778.
2, 131, 419
List the prime factors of 1203879.
3, 139, 2887
What are the prime factors of 816130?
2, 5, 7, 89, 131
What are the prime factors of 840506?
2, 420253
What are the prime factors of 1765500?
2, 3, 5, 11, 107
List the prime factors of 3048702.
2, 3, 19, 47, 569
List the prime factors of 2153579.
509, 4231
List the prime factors of 290400.
2, 3, 5, 11
List the prime factors of 308716.
2, 113, 683
List the prime factors of 18527955.
3, 5, 29, 191, 223
List the prime factors of 76934.
2, 11, 13, 269
What are the prime factors of 3443354?
2, 43, 40039
List the prime factors of 2468515.
5, 7, 70529
What are the prime factors of 100749?
3, 11, 43, 71
What are the prime factors of 8819844?
2, 3, 11, 109, 613
List the prime factors of 165487.
7, 47, 503
What are the prime factors of 21350318?
2, 11, 970469
What are the prime factors of 11800683?
3, 139, 9433
List the prime factors of 267336.
2, 3, 47, 79
What are the prime factors of 4295169?
3, 17, 67, 419
What are the prime factors of 905337?
3, 11177
List the prime factors of 19084538.
2, 11, 47, 18457
What are the prime factors of 25641605?
5, 11, 41, 83, 137
What are the prime factors of 1157643?
3, 293, 439
List the prime factors of 1327802.
2, 7, 17, 797
What are the prime factors of 1829809?
113, 16193
What are the prime factors of 1528203?
3, 67, 7603
What are the prime factors of 549486?
2, 3, 7, 89
List the prime factors of 13563366.
2, 3, 2260561
What are the prime factors of 31625?
5, 11, 23
What are the prime factors of 293893?
293893
List the prime factors of 946979.
11, 19, 23, 197
List the prime factors of 18690001.
11, 16990